hat are the prime factors of r?
2, 4337
Suppose 8*z + 34035 = 59096 + 111115. List the prime factors of z.
2, 3, 2837
Let f(u) be the second derivative of u**5/4 + u**4/3 - u**3/2 + u**2 - 10*u. Let v be f(2). Suppose -91*a + 92*a - v = 0. What are the prime factors of a?
2, 13
Let l = 18839 + -11194. What are the prime factors of l?
5, 11, 139
Suppose -3 = -25*x + 47. Suppose -2*f + x*w + 1714 = -2*w, f - 5*w = 860. What are the prime factors of f?
3, 5, 19
Let i(a) be the second derivative of -9*a**5/20 + a**4/6 - 19*a. Suppose -5*p = 4*u + 25, -3*p + 2 = -0*u - u. List the prime factors of i(p).
11
Suppose 397*p + 375230 = 27021870. List the prime factors of p.
2, 5, 839
Suppose 116*n - 122*n = -214986. What are the prime factors of n?
35831
Let u(d) = -8*d + 98. Let f be u(12). Suppose f*q - 469 = 469. What are the prime factors of q?
7, 67
Suppose 4*q = -32, -2*v = 3*q - 25913 - 73257. List the prime factors of v.
49597
Suppose 19*f - 375954 = 3*d, 5*f = 9*f - 4*d - 79128. List the prime factors of f.
2, 3, 17, 97
Suppose 0 = -3*b + 5*a + 736, b = 3*b - a - 493. Suppose 0 = 347*d - 348*d + b. What are the prime factors of d?
13, 19
Let y be 18865/275 - 6/10. List the prime factors of (10/3)/(y/8670).
5, 17
Suppose -19*j = -8*j - 1760. Let v = 330 - j. List the prime factors of v.
2, 5, 17
Let q(o) = -2*o**3 - 4*o**2 - 7. Let l be q(-3). Suppose -3*m + 12 = 0, 253 = -8*h + l*h - 5*m. Let j = -62 + h. List the prime factors of j.
29
Let u(b) = -3*b + 9. Let x be u(5). Let j be -1*(8 + -5)*4/x. What are the prime factors of j + 2 + -2 + (-111)/(-3)?
3, 13
Let m be (-14 + -1)*(-92)/6. Suppose -m*c = -234*c + 1176. What are the prime factors of c?
2, 3, 7
Let f(j) be the first derivative of 4*j**3/3 + 9*j**2/2 - 8*j - 18. List the prime factors of f(8).
2, 5
Suppose -12*n + 8*n - 18 = -5*q, -3*n - 16 = -5*q. List the prime factors of q/(-8) - (-4)/((-32)/(-3042)).
2, 5, 19
Let o(d) = 96*d**2 - 17*d + 14. List the prime factors of o(-6).
2, 19, 47
Let p(t) = 3*t**2 + 40*t + 4. Let r be p(-14). Suppose 0 = 11*y - 10 + r. What are the prime factors of 46*y/(-4) - (-3)/3?
2, 3
Let d = -343 - -348. Suppose 3*h + 2*l - 692 = l, -d*h + 4*l = -1159. What are the prime factors of h?
3, 7, 11
Let w(x) = -6082*x**3 + x**2 + 81*x + 80. List the prime factors of w(-1).
2, 3041
Let o = 97 + -40. Let i = o - 47. Suppose 0 = -i*y + 2 + 438. What are the prime factors of y?
2, 11
Suppose -15*p = -3*p + 7120 - 33496. List the prime factors of p.
2, 7, 157
Let m(z) = z**3 - 6*z**2 + 7*z + 4. Let l be m(6). Let t(v) = 12*v + 129. Let i be t(-11). Let r = l - i. What are the prime factors of r?
7
Let o(a) = -a**3 + 5*a**2 + 109. List the prime factors of o(0).
109
Let f(g) = g**2 + 8*g - 7. Let x be f(-9). Suppose -x*l + 10 = 0, 0 = -2*b - 4*l - 32 + 108. Suppose 360 + b = 4*i. List the prime factors of i.
97
Let d(h) = -10*h**2 - 6*h - 5. Let u(a) = 21*a**2 + 12*a + 10. Let z(f) = 13*d(f) + 6*u(f). Let x be z(-4). Let k = x - -71. What are the prime factors of k?
2, 13
What are the prime factors of ((-78)/4)/(840818/(-504372) + (-15)/(-9))?
13, 3821
Let f = 163 + -150. Let u(r) = 5*r**2 + 3*r - 86. List the prime factors of u(f).
2, 3, 7, 19
What are the prime factors of (27237/15)/((-59)/(-295))?
7, 1297
Let l = 82505 - 24999. What are the prime factors of l?
2, 28753
Let q(k) = -35*k + 64*k + 5*k**3 - 27*k + 2. Let i be q(-1). Let w = i + 17. What are the prime factors of w?
2, 3
Let f be -2 + 2*(5 + -3). Suppose -f*u = i - 118, -4*i + 653 = 2*u + 187. Suppose i = 34*w - 32*w. What are the prime factors of w?
2, 29
Let b(z) = z**3 - z**2 - z - 1. Let t(a) = -5*a**3 + 6*a**2 + 2*a - 9. Let d(q) = 4*b(q) + t(q). What are the prime factors of d(-3)?
2, 19
Suppose 4*g - 13293 = -3*x, -2*g = 3*x + 3820 - 17107. What are the prime factors of x?
19, 233
Suppose 12*z = 109216 + 79424. List the prime factors of z.
2, 3, 5, 131
Suppose -4*j + 4837 = 3*z, -2*j - 977 = z - 2590. What are the prime factors of z?
3, 179
Suppose -42*q + 188554 = -218594. What are the prime factors of q?
2, 37, 131
Let q = 8271 - 4881. What are the prime factors of q?
2, 3, 5, 113
Let n = -553 + 1537. What are the prime factors of (-10)/(2*(-6)/n)?
2, 5, 41
Suppose -2170 + 12990 = 4*w. List the prime factors of w.
5, 541
Suppose 0 = -114*u + 894984 + 1504602. What are the prime factors of u?
7, 31, 97
Let j(y) = -2*y**3 - 3*y**2 + 1. Let r be j(-2). List the prime factors of 328 - (r + -6 - -5).
2, 3
Let i(v) = v**2 - 11*v - 33. Let x(y) = 36*y + 2 - 28*y + 0 - y**2. Let c be x(6). What are the prime factors of i(c)?
3
Let g(m) be the first derivative of -14*m**2 - 8*m + 29. Let u be g(-10). Suppose -4*y + 48 = -u. What are the prime factors of y?
2, 5
Let m(h) = 6*h**3 + h**2 - 16*h + 103. Let l be m(7). Suppose -s + 5*g = 3*g - 1058, l = 2*s + 5*g. List the prime factors of s.
2, 17, 31
Suppose -4*x = -2*f - 0*f - 4920, 0 = f + 4. Let l = x + -582. What are the prime factors of l?
2, 17, 19
Let i(y) = -2*y**3 - y**2 + 6*y + 30. Let t be i(-5). Let m = 652 - t. List the prime factors of m.
7, 61
Let t be (-21)/14*25046/(-21). Let u = t + -813. List the prime factors of u.
2, 61
Let m(f) = 28*f - 130. Let b(p) = -3*p**3 - 4*p**2 - 6*p - 3. Let k be b(-2). List the prime factors of m(k).
2, 173
Let t be (6 - -1)*((-1 - -6) + 918/(-189)). Let i(p) = -2 - 4*p + 48*p**3 + 3*p + 4*p. What are the prime factors of i(t)?
7
Let y = -357 + 499. Suppose -5*m + 5*w = -1730, m + 3*w - 200 = y. What are the prime factors of m?
3, 5, 23
Let w = 26 - 21. Suppose 0 = -10*b + 5*b + 20. Suppose -4*d = -w*y - 0*y + 285, b*y = -d + 207. What are the prime factors of y?
53
Let p(b) = b**2 + 61*b + 186. Let s be p(-57). Let t = 382 - s. What are the prime factors of t?
2, 53
Let n be 32/10*1/((-8)/(-20)). List the prime factors of 8506/n + (-38)/152.
1063
Let z = 533 + -533. Suppose -r - 1369 = -z*g - g, -2*g + 2745 = 5*r. List the prime factors of g.
2, 5, 137
Suppose -23*u - 69*u = -2276667 - 315709. What are the prime factors of u?
2, 73, 193
Suppose -t + 0*t + 5*j = 8, 5*t - 2*j - 6 = 0. Let i be (4/2)/(t/(-44)). Let s = i - -58. List the prime factors of s.
2, 7
Let c be (52/(-3))/(-1)*(-903)/(-28). Let n = -17 - -32. Suppose 0*w - n = -5*w, 2*x + w - c = 0. What are the prime factors of x?
2, 139
Let p = 101735 - 72412. What are the prime factors of p?
7, 59, 71
Let x = -111 + 191. Let o = x - 118. Let y = o - -40. What are the prime factors of y?
2
List the prime factors of 17241 + -2 + 14/(-7)*1 + -4.
19, 907
Let u(g) = -g**3 + 14*g**2 - 10*g - 39. Let w be u(13). Suppose -5*k + 2*f + 885 = w, 2*k - 182 = -5*f + 172. What are the prime factors of k?
3, 59
Let w(l) = 2336*l**2 - 309*l - 936. What are the prime factors of w(-3)?
3, 5, 467
Let r(k) = 60*k**2 - 2*k - 4. Let t be r(4). List the prime factors of (-10)/8 - t/(-16).
2, 29
Let k(a) = -321*a - 3262. List the prime factors of k(-30).
2, 199
Let d(s) = 3*s**3 - 2*s**2 - 20*s + 3. Suppose -4*p + 11 = -6*p - 5*c, 4*c + 20 = 0. List the prime factors of d(p).
2, 397
Let t(x) = 91*x**2 - 141*x + 2124. List the prime factors of t(16).
2, 5791
Let x(s) = -s**3 - 3*s**2 + 13*s + 45983. What are the prime factors of x(0)?
7, 6569
Let d = -8 - -28. Suppose -216 + 1126 = 5*f. Suppose -d*t + 18*t = -f. What are the prime factors of t?
7, 13
Let q = -103 + 93. Let j(h) = -23*h + 72. List the prime factors of j(q).
2, 151
Let t = -1 - 2. Let n be t/3 + 1 - -3. Suppose 2*v - 9 = n. List the prime factors of v.
2, 3
Let u = -13144 + 19243. List the prime factors of u.
3, 19, 107
Let j be 21/35 - (-562)/5. Let c = 73 - j. What are the prime factors of ((-10)/6 - -1)/(c/2580)?
43
What are the prime factors of (3278/22 - -15)*40?
2, 5, 41
Let y(p) = 5404*p + 1590. List the prime factors of y(5).
2, 5, 2861
Suppose 12*y - 5*y - 35 = 0. Suppose y*w = -4*p + 6*w + 1534, 4*w + 1528 = 4*p. List the prime factors of p.
2, 3
Let v(u) = -81*u - 20. Suppose -4*i - 10 = -2*i. What are the prime factors of v(i)?
5, 7, 11
Suppose -3*a - 2*u + 2 = -6, 13 = 5*a + 3*u. Let f be (-5)/(30/(-24)) + -1. What are the prime factors of f/a*(-256)/(-3)?
2
Let r be -3*(-20)/(-6)*5656/140. Let q = 450 + 139. Let z = q + r. What are the prime factors of z?
5, 37
Let g = -50 - -54. List the 